79245?
9
What is the tens digit of 108680?
8
What is the thousands digit of 37122?
7
What is the units digit of 970?
0
What is the units digit of 2494?
4
What is the units digit of 6514?
4
What is the hundreds digit of 70855?
8
What is the tens digit of 2820?
2
What is the thousands digit of 24912?
4
What is the units digit of 174451?
1
What is the hundreds digit of 1942?
9
What is the units digit of 306?
6
What is the ten thousands digit of 62677?
6
What is the hundreds digit of 1049?
0
What is the units digit of 6621?
1
What is the thousands digit of 32461?
2
What is the hundreds digit of 84765?
7
What is the tens digit of 10817?
1
What is the tens digit of 964?
6
What is the thousands digit of 1749?
1
What is the thousands digit of 8333?
8
What is the hundreds digit of 9810?
8
What is the tens digit of 9161?
6
What is the thousands digit of 1629?
1
What is the thousands digit of 48203?
8
What is the units digit of 27897?
7
What is the tens digit of 64?
6
What is the ten thousands digit of 28474?
2
What is the thousands digit of 1513?
1
What is the hundreds digit of 6763?
7
What is the thousands digit of 15743?
5
What is the thousands digit of 9112?
9
What is the units digit of 937?
7
What is the thousands digit of 3531?
3
What is the thousands digit of 36770?
6
What is the ten thousands digit of 37591?
3
What is the ten thousands digit of 50679?
5
What is the hundreds digit of 236?
2
What is the tens digit of 9232?
3
What is the hundreds digit of 3249?
2
What is the units digit of 24728?
8
What is the tens digit of 374?
7
What is the hundred thousands digit of 123569?
1
What is the tens digit of 58708?
0
What is the hundreds digit of 13117?
1
What is the ten thousands digit of 25004?
2
What is the hundreds digit of 46332?
3
What is the hundreds digit of 6638?
6
What is the thousands digit of 3181?
3
What is the hundred thousands digit of 100789?
1
What is the tens digit of 20392?
9
What is the ten thousands digit of 35238?
3
What is the hundreds digit of 42556?
5
What is the tens digit of 24677?
7
What is the units digit of 1467?
7
What is the ten thousands digit of 40375?
4
What is the hundreds digit of 5383?
3
What is the ten thousands digit of 213018?
1
What is the thousands digit of 11817?
1
What is the thousands digit of 1154?
1
What is the thousands digit of 4136?
4
What is the tens digit of 13083?
8
What is the units digit of 11708?
8
What is the tens digit of 105828?
2
What is the thousands digit of 2887?
2
What is the thousands digit of 108635?
8
What is the units digit of 711?
1
What is the tens digit of 1724?
2
What is the hundred thousands digit of 210160?
2
What is the units digit of 9710?
0
What is the hundred thousands digit of 108063?
1
What is the units digit of 6176?
6
What is the hundreds digit of 71181?
1
What is the hundreds digit of 1465?
4
What is the units digit of 395?
5
What is the hundreds digit of 677?
6
What is the hundreds digit of 77263?
2
What is the hundreds digit of 1947?
9
What is the thousands digit of 3856?
3
What is the hundreds digit of 581?
5
What is the hundreds digit of 2989?
9
What is the hundreds digit of 1214?
2
What is the hundreds digit of 420?
4
What is the tens digit of 1649?
4
What is the thousands digit of 38484?
8
What is the units digit of 1046?
6
What is the thousands digit of 9137?
9
What is the hundreds digit of 8883?
8
What is the units digit of 101965?
5
What is the ten thousands digit of 13909?
1
What is the hundreds digit of 210?
2
What is the thousands digit of 4919?
4
What is the hundreds digit of 982?
9
What is the thousands digit of 53036?
3
What is the ten thousands digit of 55777?
5
What is the hundreds digit of 19981?
9
What is the hundreds digit of 1060?
0
What is the units digit of 344?
4
What is the thousands digit of 20901?
0
What is the units digit of 28918?
8
What is the tens digit of 108499?
9
What is the units digit of 1243?
3
What is the hundreds digit of 101001?
0
What is the units digit of 5614?
4
What is the hundreds digit of 519?
5
What is the hundreds digit of 1545?
5
What is the thousands digit of 13900?
3
What is the thousands digit of 23862?
3
What is the units digit of 2747?
7
What is the thousands digit of 15803?
5
What is the hundreds digit of 1152?
1
What is the hundreds digit of 17034?
0
What is the units digit of 1110?
0
What is the hundreds digit of 7753?
7
What is the units digit of 1437?
7
What is the ten thousands digit of 34003?
3
What is the units digit of 10880?
0
What is the tens digit of 1088?
8
What is the ten thousands digit of 17613?
1
What is the tens digit of 99260?
6
What is the units digit of 6766?
6
What is the thousands digit of 3364?
3
What is the tens digit of 131679?
7
What is the hundreds digit of 288?
2
What is the units digit of 36469?
9
What is the hundreds digit of 53608?
6
What is the units digit of 576?
6
What is the hundreds digit of 32641?
6
What is the units digit of 2394?
4
What is the ten thousands digit of 20928?
2
What is the thousands digit of 6240?
6
What is the tens digit of 2130?
3
What is the hundreds digit of 1998?
9
What is the hundreds digit of 10889?
8
What is the hundreds digit of 1978?
9
What is the thousands digit of 1031?
1
What is the units digit of 1423?
3
What is the tens digit of 113704?
0
What is the hundreds digit of 5887?
8
What is the hundreds digit of 23448?
4
What is the thousands digit of 4376?
4
What is the tens digit of 1283?
8
What is the tens digit of 1739?
3
What is the tens digit of 5059?
5
What is the thousands digit of 19653?
9
What is the thousands digit of 1039?
1
What is the hundreds digit of 6072?
0
What is the thousands digit of 1175?
1
What is the units digit of 257?
7
What is the units digit of 76?
6
What is the hundreds digit of 1234?
2
What is the thousands digit of 2747?
2
What is the hundreds digit of 44412?
4
What is the tens digit of 15602?
0
What is the units digit of 611?
1
What is the thousands digit of 25469?
5
What is the tens digit of 9851?
5
What is the tens digit of 83?
8
What is the hundreds digit of 11153?
1
What is the ten thousands digit of 89227?
8
What is the units digit of 2641?
1
What is the units digit of 872?
2
What is the units digit of 348?
8
What is the tens digit of 607?
0
What is the thousands digit of 126471?
6
What is the units digit of 516?
6
What is the ten thousands digit of 187982?
8
What is the tens digit of 9420?
2
What is the hundreds digit of 2474?
4
What is the tens digit of 334?
3
What is the hundreds digit of 541?
5
What is the thousands digit of 15285?
5
What is the ten thousands digit of 32131?
3
What is the ten thousands digit of 108347?
0
What is the units digit of 62821?
1
What is the hundreds digit of 6231?
2
What is the tens digit of 7908?
0
What is the tens digit of 7644?
4
What is the units digit of 906?
6
What is the tens digit of 219?
1
What is the units digit of 1191?
1
What is the thousands digit of 23543?
3
What is the tens digit of 69?
6
What is the tens digit of 654?
5
What is the tens digit of 6169?
6
What is the units digit of 5081?
1
What is the hundreds digit of 101471?
4
What is the tens digit of 3161?
6
What is the units digit of 56775?
5
What is the tens digit of 21534?
3
What is the tens digit of 3064?
6
What is the hundreds digit of 933?
9
What is the thousands digit of 19387?
9
What is the hundreds digit of 105972?
9
What is the units digit of 3250?
0
What is the tens digit of 1548?
4
What is the units digit of 2809?
9
What is the units digit of 1612?
2
What is the hundreds digit of 1393?
3
What is the units digit of 30365?
5
What is the hundreds digit of 19387?
3
What is the thousands digit of 2793?
2
What is the hundred thousands digit of 178300?
1
What is the ten thousands digit of 57644?
5
What is the hundreds digit of 228?
2
What is the units digit of 16329?
9
What is the units digit of 382?
2
What is the thousands digit of 1033?
1
What is the tens digit of 764?
6
What is the units digit of 2519?
9
What is the thousands digit of 5556?
5
What is the hundreds digit of 2803?
8
What is the tens digit of 869?
6
What is the hundreds digit of 2030?
0
What is the units digit of 298?
8
What is the tens digit of 3383?
8
What is the tens digit of 6708?
0
What is the tens digit of 15597?
9
What is the thousands dig